 3*k - 3. Determine j(v).
-5
Let d = 2/39693 + 22049/52924. Let h(g) be the second derivative of -1/6*g**3 - 1/20*g**5 + 0 + 12*g - g**2 - d*g**4. What is h(-4)?
-14
Let c(l) = 7*l + 177 - 106 - 80. Suppose -7*g = -58 + 44. Give c(g).
5
Let n(t) = -t + 11. Let l be n(9). Let f be 1/(l/(-4)) - (-4 + -33). Suppose -f = -5*i + 10*i. Let w(z) = -z**2 - 6*z - 9. Give w(i).
-16
Let g(m) = -m**2 + 5*m + 4. Let y be 1*2/2*20. Let s be 24/20*y/8. Suppose 0 = -5*q + s*n + 34, -3*n = -0*q + 5*q - 16. Calculate g(q).
4
Suppose 420 = -151*v + 137*v. Let r(u) = 2*u**2 + 60*u + 2. Determine r(v).
2
Let l = -5888 - -5871. Let f(c) = -c**3 - 17*c**2 - 2*c - 19. Give f(l).
15
Let a(b) = -5 + 84 - 1285*b**2 + 1284*b**2 + 4*b. Determine a(11).
2
Let s(f) = f**2 + 4*f + 6. Let h be 2 - (-4 - -14)*-1. Suppose 8*w - h = 11*w. Determine s(w).
6
Let q = 9 + -17. Let z = -6 - q. Let n(w) = 5*w**3 - 28*w**2 - 3*w - 5. Let v(p) = -11*p**3 + 61*p**2 + 6*p + 11. Let b(y) = 13*n(y) + 6*v(y). What is b(z)?
-5
Suppose 60*b - 4 = 62*b + 2*r, -2*r = 0. Let g(n) = -n**2 + 58*n + 115. Determine g(b).
-5
Let y(j) = 2*j - 4. Let m be 0 - (-20)/(-10)*(-11 + 1). Suppose -4 = k, z - 5*z + 3*k = m. Let a(g) = -g**2 - 10*g - 12. Let b be a(z). What is y(b)?
4
Let i = -55 - -68. Suppose 12*c - 4 = i*c. Let d(j) = j**3 + 3*j**2 - 4*j + 2. Let x be d(c). Let b(r) = -6*r + 3. What is b(x)?
-9
Let i(x) = 558*x - 926. Let b(g) = -233*g + 370. Let v(k) = -12*b(k) - 5*i(k). What is v(-31)?
4
Suppose 86*i + 329 = -359. Let a(l) = -2*l**2 - 12*l + 34. Give a(i).
2
Let c(s) = s**2 - 6*s + 7. Suppose 2*q - f = 3, 12*f - 6*f - 30 = 0. Give c(q).
-1
Let s(b) = -b**2 + 19*b + 123. Let r be s(25). Let f(y) = y**2 + 35*y + 209. Calculate f(r).
-7
Let o(s) be the first derivative of -s**2/2 + 1631. Suppose -6*m + 8*m = 6. Suppose -5 - 1 = -2*t + m*c, -3*t = 4*c + 8. Calculate o(t).
0
Let v(p) = -13*p**2 + 3*p + 3. Let q(d) = 17*d**2 - 3*d - 4. Let y(n) = 3*q(n) + 4*v(n). Suppose 0 = -3*k - 4 - 5. Calculate y(k).
-18
Let l(v) be the third derivative of v**7/840 + v**6/90 + v**5/60 + v**4/12 + 8*v**3 - 2*v**2 + 9. Let u(n) be the first derivative of l(n). Give u(-3).
5
Let f(i) = 0 - 3*i - 1 - 2*i**2 - 3*i**2 - i**3. Let m be ((-44)/20 + 1)/(76/190). Calculate f(m).
-10
Suppose -477*x + 680*x = -1624. Let o(l) = 2*l**3 - 12*l**2 - 7*l - 6. Let z(i) = -5*i**3 + 35*i**2 + 22*i + 17. Let t(g) = 8*o(g) + 3*z(g). Calculate t(x).
-13
Let q(z) = -18*z + 145. Let w(b) = -20*b + 160. Let k(c) = -7*q(c) + 6*w(c). Determine k(6).
-19
Let f(h) be the first derivative of h**2 + h + 1. Let l = 96 + 37. Suppose -82 = -17*d - l. Give f(d).
-5
Suppose 28*z + 50*z + 234 = 0. Let q(x) = -5*x - 18. Determine q(z).
-3
Let q = 135 + -105. Suppose 40*n = q*n + 40. Let k(z) = 3*z**2 - z - 1. What is k(n)?
43
Let r(t) = -t - 5. Suppose -3*w - 264 = -14*w. Suppose w*d = 14*d - 60. What is r(d)?
1
Let m be -40*(-2 + 7/(84/90)). Let f = m + 225. Let n(q) = -q**3 + 7*q**2 - 3*q - 5. Calculate n(f).
30
Let s be (-36)/(-60) - (1/(-10))/((-6)/(-444)). Let p(c) = -2*c**2 + 11*c - 16. Calculate p(s).
-56
Suppose 5*l = 2*l - 18. Let n(b) be the third derivative of b**2 - 98 + 0*b + 2/3*b**3 + 1/24*b**4. Determine n(l).
-2
Let i(q) = -11*q**2 - 6*q + 8. Let p = -3306 + 3308. Give i(p).
-48
Let d(k) = -k**3 + 10*k**2 - 21*k + 46. Let b be d(8). Let v(q) = 5*q - 19. Determine v(b).
11
Let m(v) be the second derivative of -1/6*v**3 + 1/6*v**4 + 183*v - 1/20*v**5 + 0 - v**2. Determine m(2).
-4
Suppose -5*s + 3*l = 7*l - 18, -3*s + 5*l = -33. Let k(m) = -3 - 2*m - 11 + 17 + s*m. What is k(-3)?
-9
Let m(i) be the second derivative of i**5/20 - i**4/4 + i**3/2 - 3*i**2/2 + 2*i. Let y(x) = 4*x**2 + 225*x + 277. Let b be y(-55). What is m(b)?
-1
Let v = 433 + -175. Let r(i) = 0*i - 258 - i + v. Let a = -6 - -3. Give r(a).
3
Let j(x) = -3*x + 13. Suppose k = -14 - 6. Let l be (36/(-10))/(32/k)*4. Determine j(l).
-14
Let n(o) = o**3 + 3*o**2 - o - 4. Let k(r) = -2*r**3 - 5*r**2 + r + 7. Let p(q) = -3*k(q) - 5*n(q). Let u be p(0). Let c(t) = -8*t**2 + 1. Calculate c(u).
-7
Let f(u) be the first derivative of -3*u**3 + 7*u**2/2 + 9*u + 3343. Let w = 10 - 4. Let d(o) = -5*o**2 + 4*o + 5. Let g(m) = w*f(m) - 11*d(m). Calculate g(2).
-1
Suppose -r + 1 = -2. Let o(a) = 3*a**2 + 10*a - 6. Let c(i) = -8*i**2 - 29*i + 17. Let q(d) = -4*c(d) - 11*o(d). What is q(r)?
7
Suppose 5*z - 6 + 1 = 0. Let y(p) = -1. Let u(h) be the third derivative of -h**4/6 + 2*h**3 + 15*h**2. Let l(b) = -u(b) - 12*y(b). What is l(z)?
4
Let f(b) = b**3 - 7*b**2 - 5*b + 12. Let p = 1644 + -1636. Calculate f(p).
36
Let a(j) = -j**2 - 11*j - 1. Suppose 0*g + 12*g = -996. Let h be (-1)/3 + ((-4620)/(-9))/7. Let q = g + h. Determine a(q).
9
Let h be 4 - 5/((-15)/(-9))*-1. Let c(f) = f**2 - 5. Give c(h).
44
Let s(f) be the third derivative of f**4/24 + 12*f**2. Let c(b) = 2*b + 7. Let t be c(-3). What is s(t)?
1
Let g(k) = 3668*k**2 - 7347*k**2 + k**3 + 3673*k**2 - 4*k + 27 - 32. Calculate g(7).
16
Let v(d) = 431 - 997 + 567 + 30*d**2 + 31*d - d**3. Calculate v(31).
1
Let f(r) = -4*r - 71. Suppose 77*y + 857 = -16*y - 631. Calculate f(y).
-7
Suppose 4*r - 2*r = 896. Let g = r + -447. Let c(x) = 23*x**2 + x - 1. What is c(g)?
23
Let p(d) = 28*d - 60. Suppose 74 = 2*z + 33 + 37. Calculate p(z).
-4
Let f(u) = -23*u - 596. Let w be f(-25). Let s(y) = 6*y + 117. Calculate s(w).
-9
Let m(z) = -3*z**2 + 7*z - 12. Let w be m(5). Let i = w + 54. Let d(n) = 14*n**i - 8*n**2 - n**2 + n**3 + 5*n. Determine d(-5).
-25
Let n(i) = -22 + 103 - 30 - 2*i - 23 - 25. Determine n(6).
-9
Let x(m) = -m**2 - 5*m - 2. Suppose -3*y = -3*s - 4*y + 129, -2*s + 82 = 2*y. Suppose -6*v = -2*v - s. Suppose -13 = 4*l + v. What is x(l)?
-8
Let o(z) = -z**2 - 189*z - 917. Let p be o(-5). Let l(v) be the first derivative of -v**4/4 + 2*v**3/3 + v**2 - v + 2. Determine l(p).
-4
Let h = -6392 - -6397. Let j(y) = y. Let s(i) = i**2 - 8*i + 6. Let r(f) = -3*j(f) - s(f). What is r(h)?
-6
Let d(c) = -28*c - 50. Let q(r) = -96*r - 148. Let m(v) = 7*d(v) - 2*q(v). Determine m(-12).
-6
Suppose 5*w - 64 = -54. Let j(q) = 11 - 169*q**2 + 170*q**w + 4*q - 9. What is j(-4)?
2
Let y be (16/(-4))/((-1)/(-2)). Let a = 7 - 1. Let i(n) = n**2 + a + 1 - 2 + 9*n + 0. What is i(y)?
-3
Let z = 155 + -153. Let h(s) = -65*s**2 + z - 1 - 4 + 31*s**2 + 28*s**2 + 3*s + s**3. What is h(6)?
15
Let t(a) = 4*a - 100003*a**2 + 100004*a**2 - 2*a - a**3 - a - 3. Give t(2).
-5
Let t(j) = -5*j**2 + 3*j + 4. Let w be t(-1). Let z(i) be the first derivative of i**4/4 + 4*i**3/3 + 3*i**2/2 + 2*i - 117. Calculate z(w).
-10
Let f(g) be the second derivative of g**6/360 - g**5/24 - g**4/8 - g**3/3 + 3*g**2 - 58*g. Let c(u) be the second derivative of f(u). Determine c(7).
11
Let k(w) = -w**2 + 10*w - 18*w - 3 - 5 + 11. Let a be -7*(1 + 2)/3. Calculate k(a).
10
Let z(c) = -9*c**3 - 31*c**2 + 87*c + 32. Let u(a) = -25*a**3 - 93*a**2 + 265*a + 98. Let r(t) = -4*u(t) + 11*z(t). Calculate r(-34).
-6
Let x(p) = 11*p**2 - 5*p - 10. Let v be x(-4). Let y = v + -187. Let b(k) = 4*k**2 + k + 1. What is b(y)?
4
Let r(b) = 2*b**2 - 34*b + 145. Let v be r(10). Let w(t) = -6*t + 27. Calculate w(v).
-3
Let n(r) = 6*r**3 - 17*r**2 - 16*r + 51. Let j(d) be the first derivative of -d**4/4 + d**3 + 3*d**2/2 - 10*d + 72. Let h(c) = 11*j(c) + 2*n(c). Give h(0).
-8
Let p(t) = t - 6. Let y be (-2752)/128 - (-3)/2. Give p(y).
-26
Let a(u) = 68*u + 948. Let r(v) = -23*v - 293. Let s(b) = 2*a(b) + 7*r(b). Determine s(-6).
-5
Let l = 224 + -213. Let h(j) = -13*j - 4 + 8*j + 4*j + l. Give h(-5).
12
Let p = -9417 - -9435. Let b(i) = i**3 - 20*i**2 + 43*i - 131. Calculate b(p).
-5
Let x(s) be the first derivative of -s**4/4 + 11*s**3/3 + 14*s**2 - 15*s - 2724. Give x(13).
11
Let b be ((-6)/(-9)*-9)/(-2). Let l be b + -6*(-5 - -7). Let x(i) = i**2 + 10*i + 2. What is x(l)?
-7
Suppose 5*z = -y + 6*y - 15, y - 2*z = 4. Let t(b) = 0*b**2 + 0*b**2 - 22 - b**y - 6*b + 16. Let f = -2526 + 2522. Give t(f).
2
Suppose -2*z + 3*r - 6 = z, 0 = -4*r + 12. Let l be 9*z*20/(-60). Let c(x) be the third derivative of x**5/60 - x**4/24 - x**3/3 + 18*x**2. Give c(l).
10
Let g(m) = 1921*m - m**2 - 30 - 3885*m + 1941*m. Determine g(-21).
12
Let r(i) = 1 - 2*i - 3 + i - 1 + 2. Let q be (-10)/4 - (-4)/(-8). Let s b